{"id":11,"date":"2022-11-16T14:00:29","date_gmt":"2022-11-16T14:00:29","guid":{"rendered":"https:\/\/fzocg.me\/?page_id=11"},"modified":"2022-11-24T23:22:17","modified_gmt":"2022-11-24T23:22:17","slug":"%d0%b2%d0%b8%d1%98%d0%b5%d1%81%d1%82%d0%b8","status":"publish","type":"page","link":"https:\/\/fzocg.me\/cyr\/%d0%b2%d0%b8%d1%98%d0%b5%d1%81%d1%82%d0%b8\/","title":{"rendered":"\u0412\u0438\u0458\u0435\u0441\u0442\u0438"},"content":{"rendered":"<div class=\"wp-block-stackable-posts stk-block-posts stk-block stk-c3b0132 is-style-default\" data-block-id=\"c3b0132\"><style>.stk-c3b0132-container .stk-img-wrapper{width:100% !important}<\/style><div class=\"stk-inner-blocks stk-content-align stk-c3b0132-column\"><div class=\"stk-block-posts__items\"><div class=\"stk-block-posts__item\"><div class=\"stk-container stk-c3b0132-container stk--no-background stk--no-padding\"><article><h3 class=\"stk-block-posts__title\"><a href='https:\/\/fzocg.me\/cyr\/fond-%d1%98%d0%b5-%d0%bf%d0%be%d1%82%d0%bf%d0%b8%d1%81%d0%b0%d0%be-%d1%83%d0%b3%d0%be%d0%b2%d0%be%d1%80-%d1%81%d0%b0-%d1%80%d0%b5%d0%bd%d0%be%d0%bc%d0%b8%d1%80%d0%b0%d0%bd%d0%be%d0%bc-%d0%ba%d0%bb\/'>\u0424\u043e\u043d\u0434 \u0458\u0435 \u043f\u043e\u0442\u043f\u0438\u0441\u0430\u043e \u0443\u0433\u043e\u0432\u043e\u0440 \u0441\u0430 \u0440\u0435\u043d\u043e\u043c\u0438\u0440\u0430\u043d\u043e\u043c \u043a\u043b\u0438\u043d\u0438\u043a\u043e\u043c \u0438\u0437 \u041c\u043e\u0441\u0442\u0430\u0440\u0430.<\/a><\/h3><a href=\"https:\/\/fzocg.me\/cyr\/fond-%d1%98%d0%b5-%d0%bf%d0%be%d1%82%d0%bf%d0%b8%d1%81%d0%b0%d0%be-%d1%83%d0%b3%d0%be%d0%b2%d0%be%d1%80-%d1%81%d0%b0-%d1%80%d0%b5%d0%bd%d0%be%d0%bc%d0%b8%d1%80%d0%b0%d0%bd%d0%be%d0%bc-%d0%ba%d0%bb\/\" class=\"stk-block-posts__image-link\"><figure class=\"stk-img-wrapper\"><img loading=\"lazy\" decoding=\"async\" width=\"640\" height=\"400\" src=\"https:\/\/fzocg.me\/wp-content\/uploads\/2026\/03\/Poslije-potpisivanja-Ugovora-dr-Ruzic-sa-dr-Duzelom-e1774820693906.png\" class=\"attachment-full size-full wp-post-image\" alt=\"\" srcset=\"https:\/\/fzocg.me\/wp-content\/uploads\/2026\/03\/Poslije-potpisivanja-Ugovora-dr-Ruzic-sa-dr-Duzelom-e1774820693906.png 640w, https:\/\/fzocg.me\/wp-content\/uploads\/2026\/03\/Poslije-potpisivanja-Ugovora-dr-Ruzic-sa-dr-Duzelom-e1774820693906-300x188.png 300w, https:\/\/fzocg.me\/wp-content\/uploads\/2026\/03\/Poslije-potpisivanja-Ugovora-dr-Ruzic-sa-dr-Duzelom-e1774820693906-18x12.png 18w\" sizes=\"auto, (max-width: 640px) 100vw, 640px\" \/><\/figure><\/a><aside class=\"stk-block-posts__meta stk-subtitle\"><time datetime=\"2026-03-23T23:42:20+01:00\">23\/03\/2026<\/time><\/aside><div class=\"stk-block-posts__category stk-subtitle\"><a href=\"https:\/\/fzocg.me\/cyr\/%d0%ba%d0%b0%d1%82%d0%b5%d0%b3%d0%be%d1%80%d0%b8%d1%98%d0%b0\/%d0%bd%d0%b0%d1%98%d0%bd%d0%be%d0%b2%d0%b8%d1%98%d0%b5\/\" rel=\"category tag\">\u041d\u0430\u0458\u043d\u043e\u0432\u0438\u0458\u0435<\/a>, <a href=\"https:\/\/fzocg.me\/cyr\/%d0%ba%d0%b0%d1%82%d0%b5%d0%b3%d0%be%d1%80%d0%b8%d1%98%d0%b0\/%d0%be%d0%b1%d0%b0%d0%b2%d0%b5%d1%88%d1%82%d0%b5%d1%9a%d0%b0\/\" rel=\"category tag\">\u041e\u0431\u0430\u0432\u0458\u0435\u0448\u0442\u0435\u045a\u0430<\/a><\/div><div class=\"stk-block-posts__excerpt\"><p>Vr\u0161ilac du\u017enosti direktora Fonda za zdravstveno osiguranje Crne Gore drAleksandar Ru\u017ei\u0107\u00a0 potpisao je danas ugovor sa\u00a0mr.sc. Goranom \u0110uzelomdr.med., direktorom Poliklinike i dnevne bolnice \u201eVitalis\u201c iz Mostara(Bosna i Hercegovina) koji se odnosi na pru\u017eanje visokospecijalizovanihi deficitarnih zdravstvenih usluga za osiguranike Fonda, s ciljemunapre\u0111enja, dostupnosti i savremenih dijagnosti\u010dko-terapijskihprocedura bez dugih lista \u010dekanja, uz visoke standarde kvaliteta isigurnosti&hellip;<\/p>\n<\/div><a class=\"stk-block-posts__readmore\" href=\"https:\/\/fzocg.me\/cyr\/fond-%d1%98%d0%b5-%d0%bf%d0%be%d1%82%d0%bf%d0%b8%d1%81%d0%b0%d0%be-%d1%83%d0%b3%d0%be%d0%b2%d0%be%d1%80-%d1%81%d0%b0-%d1%80%d0%b5%d0%bd%d0%be%d0%bc%d0%b8%d1%80%d0%b0%d0%bd%d0%be%d0%bc-%d0%ba%d0%bb\/\">Continue Reading<\/a><\/article><\/div><\/div><div class=\"stk-block-posts__item\"><div class=\"stk-container stk-c3b0132-container stk--no-background stk--no-padding\"><article><h3 class=\"stk-block-posts__title\"><a href='https:\/\/fzocg.me\/cyr\/%d1%80%d0%b0%d0%b4%d0%bd%d0%b0-%d0%bf%d0%be%d1%81%d0%b5%d1%82%d0%b0-%d0%b1%d0%be%d0%bb%d0%bd%d0%b8%d1%86%d0%b8-%d0%be%d1%81%d1%85%d0%b8%d1%82%d0%b0-%d0%b4%d0%b8%d1%98%d0%b0%d0%b3%d0%bd%d0%be%d1%81\/'>\u0420\u0430\u0434\u043d\u0430 \u043f\u043e\u0441\u0435\u0442\u0430 \u0431\u043e\u043b\u043d\u0438\u0446\u0438 \u041e\u0441\u043f\u0438\u0442\u0430 \u0414\u0438\u0458\u0430\u0433\u043d\u043e\u0441\u0442\u0438\u043a\u0441<\/a><\/h3><a href=\"https:\/\/fzocg.me\/cyr\/%d1%80%d0%b0%d0%b4%d0%bd%d0%b0-%d0%bf%d0%be%d1%81%d0%b5%d1%82%d0%b0-%d0%b1%d0%be%d0%bb%d0%bd%d0%b8%d1%86%d0%b8-%d0%be%d1%81%d1%85%d0%b8%d1%82%d0%b0-%d0%b4%d0%b8%d1%98%d0%b0%d0%b3%d0%bd%d0%be%d1%81\/\" class=\"stk-block-posts__image-link\"><figure class=\"stk-img-wrapper\"><img loading=\"lazy\" decoding=\"async\" width=\"1192\" height=\"800\" src=\"https:\/\/fzocg.me\/wp-content\/uploads\/2026\/03\/1772200713265-e1772691916172.jpg\" class=\"attachment-full size-full wp-post-image\" alt=\"\" srcset=\"https:\/\/fzocg.me\/wp-content\/uploads\/2026\/03\/1772200713265-e1772691916172.jpg 1192w, https:\/\/fzocg.me\/wp-content\/uploads\/2026\/03\/1772200713265-e1772691916172-300x201.jpg 300w, https:\/\/fzocg.me\/wp-content\/uploads\/2026\/03\/1772200713265-e1772691916172-1024x687.jpg 1024w, https:\/\/fzocg.me\/wp-content\/uploads\/2026\/03\/1772200713265-e1772691916172-768x515.jpg 768w, https:\/\/fzocg.me\/wp-content\/uploads\/2026\/03\/1772200713265-e1772691916172-18x12.jpg 18w\" sizes=\"auto, (max-width: 1192px) 100vw, 1192px\" \/><\/figure><\/a><aside class=\"stk-block-posts__meta stk-subtitle\"><time datetime=\"2026-03-05T07:26:41+01:00\">05\/03\/2026<\/time><\/aside><div class=\"stk-block-posts__category stk-subtitle\"><a href=\"https:\/\/fzocg.me\/cyr\/%d0%ba%d0%b0%d1%82%d0%b5%d0%b3%d0%be%d1%80%d0%b8%d1%98%d0%b0\/%d0%bd%d0%b0%d1%98%d0%bd%d0%be%d0%b2%d0%b8%d1%98%d0%b5\/\" rel=\"category tag\">\u041d\u0430\u0458\u043d\u043e\u0432\u0438\u0458\u0435<\/a>, <a href=\"https:\/\/fzocg.me\/cyr\/%d0%ba%d0%b0%d1%82%d0%b5%d0%b3%d0%be%d1%80%d0%b8%d1%98%d0%b0\/%d0%be%d0%b1%d0%b0%d0%b2%d0%b5%d1%88%d1%82%d0%b5%d1%9a%d0%b0\/\" rel=\"category tag\">\u041e\u0431\u0430\u0432\u0458\u0435\u0448\u0442\u0435\u045a\u0430<\/a><\/div><div class=\"stk-block-posts__excerpt\"><p>V. d. direktora Fonda za zdravstveno osiguranje Crne Gore, dr Aleksandar Ru\u017ei\u0107, boravio je 19. februara 2026. godine u radnoj posjeti Specijalnoj bolnici iz oblasti nuklearne medicine Ospita Diagnostics. Tokom posjete razgovarano je o mogu\u0107nostima saradnje u oblasti onkolo\u0161ke dijagnostike, s ciljem unapre\u0111enja dostupnosti dijagnosti\u010dkih procedura za osiguranike iz Crne Gore. Dr Ru\u017ei\u0107 se tom&hellip;<\/p>\n<\/div><a class=\"stk-block-posts__readmore\" href=\"https:\/\/fzocg.me\/cyr\/%d1%80%d0%b0%d0%b4%d0%bd%d0%b0-%d0%bf%d0%be%d1%81%d0%b5%d1%82%d0%b0-%d0%b1%d0%be%d0%bb%d0%bd%d0%b8%d1%86%d0%b8-%d0%be%d1%81%d1%85%d0%b8%d1%82%d0%b0-%d0%b4%d0%b8%d1%98%d0%b0%d0%b3%d0%bd%d0%be%d1%81\/\">Continue Reading<\/a><\/article><\/div><\/div><div class=\"stk-block-posts__item\"><div class=\"stk-container stk-c3b0132-container stk--no-background stk--no-padding\"><article><h3 class=\"stk-block-posts__title\"><a href='https:\/\/fzocg.me\/cyr\/%d0%b2%d1%80%d1%88%d0%b8%d0%bb%d0%b0%d1%86-%d0%b4%d1%83%d0%b6%d0%bd%d0%be%d1%81%d1%82%d0%b8-%d0%b4%d0%b8%d1%80%d0%b5%d0%ba%d1%82%d0%be%d1%80%d0%b0-%d1%84%d0%be%d0%bd%d0%b4%d0%b0-%d0%b7%d0%b0-%d0%b7\/'>\u0412\u0420\u0428\u0418\u041b\u0410\u0426 \u0414\u0423\u0416\u041d\u041e\u0421\u0422\u0418 \u0414\u0418\u0420\u0415\u041a\u0422\u041e\u0420\u0410 \u0424\u041e\u041d\u0414\u0410 \u0417\u0410 \u0417\u0414\u0420\u0410\u0412\u0421\u0422\u0412\u0415\u041d\u041e \u041e\u0421\u0418\u0413\u0423\u0420\u0410\u040a\u0415 \u0426\u0420\u041d\u0415 \u0413\u041e\u0420\u0415, \u0414\u0420 \u0410\u041b\u0415\u041a\u0421\u0410\u041d\u0414\u0410\u0420 \u0420\u0423\u0416\u0418\u040b, \u0423 \u0421\u0422\u0420\u0423\u0427\u041d\u041e\u0408 \u041f\u041e\u0421\u0415\u0422\u0418 \u041f\u041e\u041b\u0418\u041a\u041b\u0418\u041d\u0418\u0426\u0418 \u0418 \u0414\u041d\u0415\u0412\u041d\u041e\u0408 \u0411\u041e\u041b\u041d\u0418\u0426\u0418 \u0412\u0418\u0422\u0410\u041b\u0418\u0421 \u0423 \u041c\u041e\u0421\u0422\u0410\u0420\u0423<\/a><\/h3><a href=\"https:\/\/fzocg.me\/cyr\/%d0%b2%d1%80%d1%88%d0%b8%d0%bb%d0%b0%d1%86-%d0%b4%d1%83%d0%b6%d0%bd%d0%be%d1%81%d1%82%d0%b8-%d0%b4%d0%b8%d1%80%d0%b5%d0%ba%d1%82%d0%be%d1%80%d0%b0-%d1%84%d0%be%d0%bd%d0%b4%d0%b0-%d0%b7%d0%b0-%d0%b7\/\" class=\"stk-block-posts__image-link\"><figure class=\"stk-img-wrapper\"><img loading=\"lazy\" decoding=\"async\" width=\"1280\" height=\"830\" src=\"https:\/\/fzocg.me\/wp-content\/uploads\/2026\/02\/IMG_0224-e1772692075514.jpeg\" class=\"attachment-full size-full wp-post-image\" alt=\"\" srcset=\"https:\/\/fzocg.me\/wp-content\/uploads\/2026\/02\/IMG_0224-e1772692075514.jpeg 1280w, https:\/\/fzocg.me\/wp-content\/uploads\/2026\/02\/IMG_0224-e1772692075514-300x195.jpeg 300w, https:\/\/fzocg.me\/wp-content\/uploads\/2026\/02\/IMG_0224-e1772692075514-1024x664.jpeg 1024w, https:\/\/fzocg.me\/wp-content\/uploads\/2026\/02\/IMG_0224-e1772692075514-768x498.jpeg 768w, https:\/\/fzocg.me\/wp-content\/uploads\/2026\/02\/IMG_0224-e1772692075514-18x12.jpeg 18w\" sizes=\"auto, (max-width: 1280px) 100vw, 1280px\" \/><\/figure><\/a><aside class=\"stk-block-posts__meta stk-subtitle\"><time datetime=\"2026-02-26T10:41:01+01:00\">26\/02\/2026<\/time><\/aside><div class=\"stk-block-posts__category stk-subtitle\"><a href=\"https:\/\/fzocg.me\/cyr\/%d0%ba%d0%b0%d1%82%d0%b5%d0%b3%d0%be%d1%80%d0%b8%d1%98%d0%b0\/%d0%bd%d0%b0%d1%98%d0%bd%d0%be%d0%b2%d0%b8%d1%98%d0%b5\/\" rel=\"category tag\">\u041d\u0430\u0458\u043d\u043e\u0432\u0438\u0458\u0435<\/a>, <a href=\"https:\/\/fzocg.me\/cyr\/%d0%ba%d0%b0%d1%82%d0%b5%d0%b3%d0%be%d1%80%d0%b8%d1%98%d0%b0\/%d0%be%d0%b1%d0%b0%d0%b2%d0%b5%d1%88%d1%82%d0%b5%d1%9a%d0%b0\/\" rel=\"category tag\">\u041e\u0431\u0430\u0432\u0458\u0435\u0448\u0442\u0435\u045a\u0430<\/a><\/div><div class=\"stk-block-posts__excerpt\"><p>V.d. direktora &nbsp;Fonda za zdravstveno osiguranje Crne Gore, dr Aleksandar Ru\u017ei\u0107, boravio je u stru\u010dnoj posjeti Poliklinici i dnevnoj bolnici Vitalis u Mostaru, sa ciljem ja\u010danja regionalne saradnje, razmjene stru\u010dnih iskustava i unapre\u0111enja dostupnosti savremenih zdravstvenih usluga za osiguranike Crne Gore. Tokom posjete odr\u017ean je radni sastanak sa rukovodstvom ustanove, na kojem su predstavljeni organizacioni&hellip;<\/p>\n<\/div><a class=\"stk-block-posts__readmore\" href=\"https:\/\/fzocg.me\/cyr\/%d0%b2%d1%80%d1%88%d0%b8%d0%bb%d0%b0%d1%86-%d0%b4%d1%83%d0%b6%d0%bd%d0%be%d1%81%d1%82%d0%b8-%d0%b4%d0%b8%d1%80%d0%b5%d0%ba%d1%82%d0%be%d1%80%d0%b0-%d1%84%d0%be%d0%bd%d0%b4%d0%b0-%d0%b7%d0%b0-%d0%b7\/\">Continue Reading<\/a><\/article><\/div><\/div><div class=\"stk-block-posts__item\"><div class=\"stk-container stk-c3b0132-container stk--no-background stk--no-padding\"><article><h3 class=\"stk-block-posts__title\"><a href='https:\/\/fzocg.me\/cyr\/%d0%b4%d0%b8%d1%80%d0%b5%d0%ba%d1%82%d0%be%d1%80-%d1%84%d0%be%d0%bd%d0%b4%d0%b0-%d1%80%d0%b0%d0%b7%d0%b3%d0%be%d0%b2%d0%b0%d1%80%d0%b0%d0%be-%d1%81%d0%b0-%d0%bd%d0%be%d0%b2%d0%b8%d0%bd%d0%b0%d1%80\/'>\u0414\u0418\u0420\u0415\u041a\u0422\u041e\u0420 \u0424\u041e\u041d\u0414\u0410 \u0420\u0410\u0417\u0413\u041e\u0412\u0410\u0420\u0410\u041e \u0421\u0410 \u041d\u041e\u0412\u0418\u041d\u0410\u0420\u0418\u041c\u0410<\/a><\/h3><a href=\"https:\/\/fzocg.me\/cyr\/%d0%b4%d0%b8%d1%80%d0%b5%d0%ba%d1%82%d0%be%d1%80-%d1%84%d0%be%d0%bd%d0%b4%d0%b0-%d1%80%d0%b0%d0%b7%d0%b3%d0%be%d0%b2%d0%b0%d1%80%d0%b0%d0%be-%d1%81%d0%b0-%d0%bd%d0%be%d0%b2%d0%b8%d0%bd%d0%b0%d1%80\/\" class=\"stk-block-posts__image-link\"><figure class=\"stk-img-wrapper\"><img loading=\"lazy\" decoding=\"async\" width=\"1130\" height=\"819\" src=\"https:\/\/fzocg.me\/wp-content\/uploads\/2026\/02\/IMG_9325.jpeg\" class=\"attachment-full size-full wp-post-image\" alt=\"\" srcset=\"https:\/\/fzocg.me\/wp-content\/uploads\/2026\/02\/IMG_9325.jpeg 1130w, https:\/\/fzocg.me\/wp-content\/uploads\/2026\/02\/IMG_9325-300x217.jpeg 300w, https:\/\/fzocg.me\/wp-content\/uploads\/2026\/02\/IMG_9325-1024x742.jpeg 1024w, https:\/\/fzocg.me\/wp-content\/uploads\/2026\/02\/IMG_9325-768x557.jpeg 768w, https:\/\/fzocg.me\/wp-content\/uploads\/2026\/02\/IMG_9325-18x12.jpeg 18w\" sizes=\"auto, (max-width: 1130px) 100vw, 1130px\" \/><\/figure><\/a><aside class=\"stk-block-posts__meta stk-subtitle\"><time datetime=\"2026-02-05T22:54:56+01:00\">05\/02\/2026<\/time><\/aside><div class=\"stk-block-posts__category stk-subtitle\"><a href=\"https:\/\/fzocg.me\/cyr\/%d0%ba%d0%b0%d1%82%d0%b5%d0%b3%d0%be%d1%80%d0%b8%d1%98%d0%b0\/%d0%bd%d0%b0%d1%98%d0%bd%d0%be%d0%b2%d0%b8%d1%98%d0%b5\/\" rel=\"category tag\">\u041d\u0430\u0458\u043d\u043e\u0432\u0438\u0458\u0435<\/a>, <a href=\"https:\/\/fzocg.me\/cyr\/%d0%ba%d0%b0%d1%82%d0%b5%d0%b3%d0%be%d1%80%d0%b8%d1%98%d0%b0\/%d0%be%d0%b1%d0%b0%d0%b2%d0%b5%d1%88%d1%82%d0%b5%d1%9a%d0%b0\/\" rel=\"category tag\">\u041e\u0431\u0430\u0432\u0458\u0435\u0448\u0442\u0435\u045a\u0430<\/a><\/div><div class=\"stk-block-posts__excerpt\"><p>Pojedina pitanja postavljena od strane medija u skorijem periodu poslu\u017eila su kao povod za dana\u0161nji susret sa dr Aleksandrom Ru\u017ei\u0107em, direktorom Fonda za zdravstveno osiguranje Crne Gore. Razgovarano je o aktuelnim temama iz nadle\u017enosti Fonda i prioritetima ove institucije u narednom periodu. Direktor Fonda je zahvalio svima na interesovanju i istakao da Fond ostaje otvoren&hellip;<\/p>\n<\/div><a class=\"stk-block-posts__readmore\" href=\"https:\/\/fzocg.me\/cyr\/%d0%b4%d0%b8%d1%80%d0%b5%d0%ba%d1%82%d0%be%d1%80-%d1%84%d0%be%d0%bd%d0%b4%d0%b0-%d1%80%d0%b0%d0%b7%d0%b3%d0%be%d0%b2%d0%b0%d1%80%d0%b0%d0%be-%d1%81%d0%b0-%d0%bd%d0%be%d0%b2%d0%b8%d0%bd%d0%b0%d1%80\/\">Continue Reading<\/a><\/article><\/div><\/div><div class=\"stk-block-posts__item\"><div class=\"stk-container stk-c3b0132-container stk--no-background stk--no-padding\"><article><h3 class=\"stk-block-posts__title\"><a href='https:\/\/fzocg.me\/cyr\/%d1%84%d0%b7%d0%be-%d0%b8-%d0%b8%d0%bd%d1%81%d1%82%d0%b8%d1%82%d1%83%d1%82-%d0%b8%d0%b3%d0%b0%d0%bb%d0%be-%d0%be%d0%b1%d0%bd%d0%be%d0%b2%d0%b8%d0%bb%d0%b8-%d1%81%d0%b0%d1%80%d0%b0%d0%b4%d1%9a%d1%83\/'>\u0424\u0417\u041e \u0418 \u0418\u041d\u0421\u0422\u0418\u0422\u0423\u0422 \u0418\u0413\u0410\u041b\u041e \u041e\u0411\u041d\u041e\u0412\u0418\u041b\u0418 \u0421\u0410\u0420\u0410\u0414\u040a\u0423<\/a><\/h3><a href=\"https:\/\/fzocg.me\/cyr\/%d1%84%d0%b7%d0%be-%d0%b8-%d0%b8%d0%bd%d1%81%d1%82%d0%b8%d1%82%d1%83%d1%82-%d0%b8%d0%b3%d0%b0%d0%bb%d0%be-%d0%be%d0%b1%d0%bd%d0%be%d0%b2%d0%b8%d0%bb%d0%b8-%d1%81%d0%b0%d1%80%d0%b0%d0%b4%d1%9a%d1%83\/\" class=\"stk-block-posts__image-link\"><figure class=\"stk-img-wrapper\"><img loading=\"lazy\" decoding=\"async\" width=\"800\" height=\"600\" src=\"https:\/\/fzocg.me\/wp-content\/uploads\/2025\/12\/IMG_8206-e1767173920264.jpeg\" class=\"attachment-full size-full wp-post-image\" alt=\"fzocg-institut-simo-milo\u0161evi\u0107\" srcset=\"https:\/\/fzocg.me\/wp-content\/uploads\/2025\/12\/IMG_8206-e1767173920264.jpeg 800w, https:\/\/fzocg.me\/wp-content\/uploads\/2025\/12\/IMG_8206-e1767173920264-300x225.jpeg 300w, https:\/\/fzocg.me\/wp-content\/uploads\/2025\/12\/IMG_8206-e1767173920264-768x576.jpeg 768w, https:\/\/fzocg.me\/wp-content\/uploads\/2025\/12\/IMG_8206-e1767173920264-16x12.jpeg 16w\" sizes=\"auto, (max-width: 800px) 100vw, 800px\" \/><\/figure><\/a><aside class=\"stk-block-posts__meta stk-subtitle\"><time datetime=\"2025-12-31T10:33:42+01:00\">31\/12\/2025<\/time><\/aside><div class=\"stk-block-posts__category stk-subtitle\"><a href=\"https:\/\/fzocg.me\/cyr\/%d0%ba%d0%b0%d1%82%d0%b5%d0%b3%d0%be%d1%80%d0%b8%d1%98%d0%b0\/%d0%bd%d0%b0%d1%98%d0%bd%d0%be%d0%b2%d0%b8%d1%98%d0%b5\/\" rel=\"category tag\">\u041d\u0430\u0458\u043d\u043e\u0432\u0438\u0458\u0435<\/a>, <a href=\"https:\/\/fzocg.me\/cyr\/%d0%ba%d0%b0%d1%82%d0%b5%d0%b3%d0%be%d1%80%d0%b8%d1%98%d0%b0\/%d0%be%d0%b1%d0%b0%d0%b2%d0%b5%d1%88%d1%82%d0%b5%d1%9a%d0%b0\/\" rel=\"category tag\">\u041e\u0431\u0430\u0432\u0458\u0435\u0448\u0442\u0435\u045a\u0430<\/a><\/div><div class=\"stk-block-posts__excerpt\"><p>Danas je v.d. direktora Fonda za zdravstveno osiguranje Crne Gore, dr Aleksandar Ru\u017ei\u0107, obnovio Ugovor o pru\u017eanju zdravstvenih usluga specijalizovane medicinske rehabilitacije sadirektorom Instituta \u201cDr Simo Milo\u0161evi\u0107\u201d u Igalu, dr Zoranom Kova\u010devi\u0107em, \u010dime su stvoreniuslovi za nastavak dosada\u0161nje uspje\u0161ne saradnje izme\u0111u dvije institucije.Na ovaj na\u010din obezbje\u0111uje se kontinuitet u pru\u017eanju usluga, kao i unapre\u0111enje postoje\u0107ih&hellip;<\/p>\n<\/div><a class=\"stk-block-posts__readmore\" href=\"https:\/\/fzocg.me\/cyr\/%d1%84%d0%b7%d0%be-%d0%b8-%d0%b8%d0%bd%d1%81%d1%82%d0%b8%d1%82%d1%83%d1%82-%d0%b8%d0%b3%d0%b0%d0%bb%d0%be-%d0%be%d0%b1%d0%bd%d0%be%d0%b2%d0%b8%d0%bb%d0%b8-%d1%81%d0%b0%d1%80%d0%b0%d0%b4%d1%9a%d1%83\/\">Continue Reading<\/a><\/article><\/div><\/div><div class=\"stk-block-posts__item\"><div class=\"stk-container stk-c3b0132-container stk--no-background stk--no-padding\"><article><h3 class=\"stk-block-posts__title\"><a href='https:\/\/fzocg.me\/cyr\/%d1%81%d0%b0%d0%be%d0%bf%d1%88%d1%82%d0%b5%d1%9a%d0%b5-%d0%b7%d0%b0-%d1%98%d0%b0%d0%b2%d0%bd%d0%be%d1%81%d1%82\/'>\u0417\u0414\u0420\u0410\u0412\u0421\u0422\u0412\u0415\u041d\u0410 \u0417\u0410\u0428\u0422\u0418\u0422\u0410 \u041f\u0420\u0418\u041f\u0410\u0414\u041d\u0418\u0426\u0418\u041c\u0410 \u0420\u041e\u041c\u0421\u041a\u0415 \u0418 \u0415\u0413\u0418\u041f\u040b\u0410\u041d\u0421\u041a\u0415 \u041f\u041e\u041f\u0423\u041b\u0410\u0426\u0418\u0408\u0415 \u041d\u0418\u0408\u0415 \u0423\u0421\u041a\u0420\u0410\u040b\u0415\u041d\u0410<\/a><\/h3><a href=\"https:\/\/fzocg.me\/cyr\/%d1%81%d0%b0%d0%be%d0%bf%d1%88%d1%82%d0%b5%d1%9a%d0%b5-%d0%b7%d0%b0-%d1%98%d0%b0%d0%b2%d0%bd%d0%be%d1%81%d1%82\/\" class=\"stk-block-posts__image-link\"><figure class=\"stk-img-wrapper\"><img loading=\"lazy\" decoding=\"async\" width=\"1600\" height=\"1066\" src=\"https:\/\/fzocg.me\/wp-content\/uploads\/2025\/02\/FZO-zgrada.jpeg\" class=\"attachment-full size-full wp-post-image\" alt=\"\" srcset=\"https:\/\/fzocg.me\/wp-content\/uploads\/2025\/02\/FZO-zgrada.jpeg 1600w, https:\/\/fzocg.me\/wp-content\/uploads\/2025\/02\/FZO-zgrada-300x200.jpeg 300w, https:\/\/fzocg.me\/wp-content\/uploads\/2025\/02\/FZO-zgrada-1024x682.jpeg 1024w, https:\/\/fzocg.me\/wp-content\/uploads\/2025\/02\/FZO-zgrada-768x512.jpeg 768w, https:\/\/fzocg.me\/wp-content\/uploads\/2025\/02\/FZO-zgrada-1536x1023.jpeg 1536w, https:\/\/fzocg.me\/wp-content\/uploads\/2025\/02\/FZO-zgrada-18x12.jpeg 18w\" sizes=\"auto, (max-width: 1600px) 100vw, 1600px\" \/><\/figure><\/a><aside class=\"stk-block-posts__meta stk-subtitle\"><time datetime=\"2025-12-03T21:50:37+01:00\">03\/12\/2025<\/time><\/aside><div class=\"stk-block-posts__category stk-subtitle\"><a href=\"https:\/\/fzocg.me\/cyr\/%d0%ba%d0%b0%d1%82%d0%b5%d0%b3%d0%be%d1%80%d0%b8%d1%98%d0%b0\/%d0%bd%d0%b0%d1%98%d0%bd%d0%be%d0%b2%d0%b8%d1%98%d0%b5\/\" rel=\"category tag\">\u041d\u0430\u0458\u043d\u043e\u0432\u0438\u0458\u0435<\/a>, <a href=\"https:\/\/fzocg.me\/cyr\/%d0%ba%d0%b0%d1%82%d0%b5%d0%b3%d0%be%d1%80%d0%b8%d1%98%d0%b0\/%d0%be%d0%b1%d0%b0%d0%b2%d0%b5%d1%88%d1%82%d0%b5%d1%9a%d0%b0\/\" rel=\"category tag\">\u041e\u0431\u0430\u0432\u0458\u0435\u0448\u0442\u0435\u045a\u0430<\/a><\/div><div class=\"stk-block-posts__excerpt\"><p>Povodom informacije koja se pojavila u pojedinim medijima da je Fond za zdravstveno osiguranje Crne Gore posljednjih mjeseci uskra\u0107ivao pravo na zdravstvenu za\u0161titu pripadnicima romske i egip\u0107anske (RE) populacije, u obavezi smo da damo potrebna obja\u0161njenja. Kao prvo, isti\u010demo da navodi da je pripadnicima pomenute populacije uskra\u0107ena zdravstvena za\u0161tita u Crnoj Gori ne odgovaraju \u010dinjeni\u010dnom&hellip;<\/p>\n<\/div><a class=\"stk-block-posts__readmore\" href=\"https:\/\/fzocg.me\/cyr\/%d1%81%d0%b0%d0%be%d0%bf%d1%88%d1%82%d0%b5%d1%9a%d0%b5-%d0%b7%d0%b0-%d1%98%d0%b0%d0%b2%d0%bd%d0%be%d1%81%d1%82\/\">Continue Reading<\/a><\/article><\/div><\/div><\/div><div class=\"stk-inner-blocks\"><\/div><\/div><\/div>","protected":false},"excerpt":{"rendered":"<p>Fond je potpisaougovor sa renomiranom klinikom iz Mostara 23\/03\/2026 Najnovije, Obavje\u0161tenja Vr\u0161ilac du\u017enosti direktora Fonda za zdravstveno osiguranje Crne Gore drAleksandar Ru\u017ei\u0107\u00a0 potpisao je danas ugovor sa\u00a0mr.sc. Goranom \u0110uzelomdr.med., direktorom Poliklinike i dnevne bolnice \u201eVitalis\u201c iz Mostara(Bosna i Hercegovina) koji se odnosi na pru\u017eanje visokospecijalizovanihi deficitarnih zdravstvenih usluga za osiguranike Fonda, s ciljemunapre\u0111enja, dostupnosti i [&hellip;]<\/p>","protected":false},"author":1,"featured_media":0,"parent":0,"menu_order":0,"comment_status":"closed","ping_status":"closed","template":"","meta":{"footnotes":""},"class_list":["post-11","page","type-page","status-publish","hentry"],"_links":{"self":[{"href":"https:\/\/fzocg.me\/cyr\/wp-json\/wp\/v2\/pages\/11","targetHints":{"allow":["GET"]}}],"collection":[{"href":"https:\/\/fzocg.me\/cyr\/wp-json\/wp\/v2\/pages"}],"about":[{"href":"https:\/\/fzocg.me\/cyr\/wp-json\/wp\/v2\/types\/page"}],"author":[{"embeddable":true,"href":"https:\/\/fzocg.me\/cyr\/wp-json\/wp\/v2\/users\/1"}],"replies":[{"embeddable":true,"href":"https:\/\/fzocg.me\/cyr\/wp-json\/wp\/v2\/comments?post=11"}],"version-history":[{"count":2,"href":"https:\/\/fzocg.me\/cyr\/wp-json\/wp\/v2\/pages\/11\/revisions"}],"predecessor-version":[{"id":85,"href":"https:\/\/fzocg.me\/cyr\/wp-json\/wp\/v2\/pages\/11\/revisions\/85"}],"wp:attachment":[{"href":"https:\/\/fzocg.me\/cyr\/wp-json\/wp\/v2\/media?parent=11"}],"curies":[{"name":"\u0432\u043f","href":"https:\/\/api.w.org\/{rel}","templated":true}]}}