{"id":1249,"date":"2023-01-17T10:54:50","date_gmt":"2023-01-17T09:54:50","guid":{"rendered":"https:\/\/fzocg.me\/?page_id=1249"},"modified":"2026-01-19T10:25:12","modified_gmt":"2026-01-19T09:25:12","slug":"%d0%b2%d0%be%d0%b4%d0%b8%d1%86-%d0%b7%d0%b0-%d1%81%d0%bb%d0%be%d0%b1%d0%be%d0%b4%d0%b0%d0%bd-%d0%bf%d1%80%d0%b8%d1%81%d1%82%d1%83%d0%bf-%d0%b8%d0%bd%d1%84%d0%be%d1%80%d0%bc%d0%b0%d1%86%d0%b8%d1%98","status":"publish","type":"page","link":"https:\/\/fzocg.me\/cyr\/%d0%b2%d0%be%d0%b4%d0%b8%d1%86-%d0%b7%d0%b0-%d1%81%d0%bb%d0%be%d0%b1%d0%be%d0%b4%d0%b0%d0%bd-%d0%bf%d1%80%d0%b8%d1%81%d1%82%d1%83%d0%bf-%d0%b8%d0%bd%d1%84%d0%be%d1%80%d0%bc%d0%b0%d1%86%d0%b8%d1%98\/","title":{"rendered":"\u0412\u043e\u0434\u0438\u0447 \u0437\u0430 \u0441\u043b\u043e\u0431\u043e\u0434\u0430\u043d \u043f\u0440\u0438\u0441\u0442\u0443\u043f \u0438\u043d\u0444\u043e\u0440\u043c\u0430\u0446\u0438\u0458\u0430\u043c\u0430"},"content":{"rendered":"<h1 class=\"wp-block-heading\" data-block-type=\"core\"><span style=\"color: #0067B5;\" class=\"stk-highlight\"><strong>\u0412\u043e\u0434\u0438\u0447 \u0437\u0430 \u0441\u043b\u043e\u0431\u043e\u0434\u0430\u043d \u043f\u0440\u0438\u0441\u0442\u0443\u043f \u0438\u043d\u0444\u043e\u0440\u043c\u0430\u0446\u0438\u0458\u0430\u043c\u0430<\/strong><\/span><\/h1>\n\n\n\n<div style=\"height:50px\" aria-hidden=\"true\" class=\"wp-block-spacer\" data-block-type=\"core\"><\/div>\n\n\n\n<details class=\"wp-block-stackable-accordion stk-block-accordion stk-inner-blocks stk-block-content stk-block stk-1f3e518 is-style-plain\" data-block-id=\"1f3e518\"><style>.stk-1f3e518 {border-style:solid !important;border-color:#dfdad1 !important;border-top-width:0px !important;border-right-width:0px !important;border-bottom-width:1px !important;border-left-width:0px !important;padding-bottom:24px !important;}<\/style>\n<summary class=\"wp-block-stackable-column stk-block-column stk-column stk-block stk-276430a stk--container-small stk-block-accordion__heading\" data-v=\"4\" data-block-id=\"276430a\"><div class=\"stk-column-wrapper stk-block-column__content stk-container stk-276430a-container stk--no-background stk--no-padding\"><div class=\"stk-block-content stk-inner-blocks stk-276430a-inner-blocks\">\n<div class=\"wp-block-stackable-icon-label stk-block-icon-label stk-block stk-ae6c6df\" data-block-id=\"ae6c6df\"><div class=\"stk-row stk-inner-blocks stk-block-content\">\n<div class=\"wp-block-stackable-heading stk-block-heading stk-block-heading--v2 stk-block stk-58ad39f\" id=\"span-style-color-0067-b-5-class-stk-highlight-strong-vodic-za-pristup-informacijama-za-2026-godinu-strong-span\" data-block-id=\"58ad39f\"><h3 class=\"stk-block-heading__text\"><span style=\"color: #0067B5;\" class=\"stk-highlight\"><strong>\u0412\u043e\u0434\u0438\u0447 \u0437\u0430 \u043f\u0440\u0438\u0441\u0442\u0443\u043f \u0438\u043d\u0444\u043e\u0440\u043c\u0430\u0446\u0438\u0458\u0430\u043c\u0430 \u0437\u0430 2026. \u0433\u043e\u0434\u0438\u043d\u0443<\/strong><\/span><\/h3><\/div>\n\n\n\n<div class=\"wp-block-stackable-icon stk-block-icon stk-block stk-71cd11f\" data-block-id=\"71cd11f\"><span class=\"stk--svg-wrapper\"><div class=\"stk--inner-svg\"><svg style=\"height:0;width:0\"><defs><lineargradient id=\"linear-gradient-71cd11f\" x1=\"0\" x2=\"100%\" y1=\"0\" y2=\"0\"><stop offset=\"0%\" style=\"stop-opacity:1;stop-color:var(--linear-gradient-71-cd-11-f-color-1)\"><\/stop><stop offset=\"100%\" style=\"stop-opacity:1;stop-color:var(--linear-gradient-71-cd-11-f-color-2)\"><\/stop><\/lineargradient><\/defs><\/svg><svg data-prefix=\"fas\" data-icon=\"chevron-down\" class=\"svg-inline--fa fa-chevron-down fa-w-14\" xmlns=\"http:\/\/www.w3.org\/2000\/svg\" viewbox=\"0 0 448 512\" aria-hidden=\"true\" width=\"32\" height=\"32\"><path fill=\"currentColor\" d=\"M207.029 381.476L12.686 187.132c-9.373-9.373-9.373-24.569 0-33.941l22.667-22.667c9.357-9.357 24.522-9.375 33.901-.04L224 284.505l154.745-154.021c9.379-9.335 24.544-9.317 33.901.04l22.667 22.667c9.373 9.373 9.373 24.569 0 33.941L240.971 381.476c-9.373 9.372-24.569 9.372-33.942 0z\"><\/path><\/svg><\/div><\/span><\/div>\n<\/div><\/div>\n<\/div><\/div><\/summary>\n\n\n\n<div class=\"wp-block-stackable-column stk-block-column stk-column stk-block stk-7c0f5d2 stk-block-accordion__content\" data-v=\"4\" data-block-id=\"7c0f5d2\"><style>.stk-7c0f5d2-container{padding-top:0px !important;padding-right:0px !important;padding-bottom:0px !important;padding-left:0px !important;}<\/style><div class=\"stk-column-wrapper stk-block-column__content stk-container stk-7c0f5d2-container stk--no-background stk--no-padding\"><div class=\"stk-block-content stk-inner-blocks stk-7c0f5d2-inner-blocks\">\n<div class=\"wp-block-stackable-text stk-block-text stk-block stk-774ee6b\" data-block-id=\"774ee6b\"><style>.stk-774ee6b .stk-block-text__text{font-size:17px !important;}@media screen and (max-width: 1023px){.stk-774ee6b .stk-block-text__text{font-size:17px !important;}}<\/style><p class=\"stk-block-text__text\"><span style=\"color: #0067B5;\" class=\"stk-highlight\"><strong><a href=\"https:\/\/fzocg.me\/wp-content\/uploads\/2026\/01\/Vodic-za-slobodan-pristup-informacijama-2026.pdf\" data-type=\"link\" data-id=\"https:\/\/fzocg.me\/wp-content\/uploads\/2026\/01\/Vodic-za-slobodan-pristup-informacijama-2026.pdf\">\u041f\u0440\u0435\u0443\u0437\u043c\u0438\u0442\u0435 \u0432\u043e\u0434\u0438\u0447 \u0437\u0430 \u0441\u043b\u043e\u0431\u043e\u0434\u0430\u043d \u043f\u0440\u0438\u0441\u0442\u0443\u043f \u0438\u043d\u0444\u043e\u0440\u043c\u0430\u0446\u0438\u0458\u0430\u043c\u0430<\/a><\/strong><\/span><\/p><\/div>\n<\/div><\/div><\/div>\n<\/details>\n\n\n\n<details class=\"wp-block-stackable-accordion stk-block-accordion stk-inner-blocks stk-block-content stk-block stk-10bcad5 is-style-plain\" data-block-id=\"10bcad5\"><style>.stk-10bcad5 {border-style:solid !important;border-color:#dfdad1 !important;border-top-width:0px !important;border-right-width:0px !important;border-bottom-width:1px !important;border-left-width:0px !important;padding-bottom:24px !important;}<\/style>\n<summary class=\"wp-block-stackable-column stk-block-column stk-column stk-block stk-54b2f3c stk--container-small stk-block-accordion__heading\" data-v=\"4\" data-block-id=\"54b2f3c\"><div class=\"stk-column-wrapper stk-block-column__content stk-container stk-54b2f3c-container stk--no-background stk--no-padding\"><div class=\"stk-block-content stk-inner-blocks stk-54b2f3c-inner-blocks\">\n<div class=\"wp-block-stackable-icon-label stk-block-icon-label stk-block stk-a4daad2\" data-block-id=\"a4daad2\"><div class=\"stk-row stk-inner-blocks stk-block-content\">\n<div class=\"wp-block-stackable-heading stk-block-heading stk-block-heading--v2 stk-block stk-a069b9c\" id=\"span-style-color-0067-b-5-class-stk-highlight-strong-vodic-za-pristup-informacijama-za-2025-godinu-strong-span\" data-block-id=\"a069b9c\"><h3 class=\"stk-block-heading__text\"><span style=\"color: #0067B5;\" class=\"stk-highlight\"><strong>\u0412\u043e\u0434\u0438\u0447 \u0437\u0430 \u043f\u0440\u0438\u0441\u0442\u0443\u043f \u0438\u043d\u0444\u043e\u0440\u043c\u0430\u0446\u0438\u0458\u0430\u043c\u0430 \u0437\u0430 2025. \u0433\u043e\u0434\u0438\u043d\u0443<\/strong><\/span><\/h3><\/div>\n\n\n\n<div class=\"wp-block-stackable-icon stk-block-icon stk-block stk-598022e\" data-block-id=\"598022e\"><span class=\"stk--svg-wrapper\"><div class=\"stk--inner-svg\"><svg style=\"height:0;width:0\"><defs><lineargradient id=\"linear-gradient-598022e\" x1=\"0\" x2=\"100%\" y1=\"0\" y2=\"0\"><stop offset=\"0%\" style=\"stop-opacity:1;stop-color:var(--linear-gradient-598022-e-color-1)\"><\/stop><stop offset=\"100%\" style=\"stop-opacity:1;stop-color:var(--linear-gradient-598022-e-color-2)\"><\/stop><\/lineargradient><\/defs><\/svg><svg data-prefix=\"fas\" data-icon=\"chevron-down\" class=\"svg-inline--fa fa-chevron-down fa-w-14\" xmlns=\"http:\/\/www.w3.org\/2000\/svg\" viewbox=\"0 0 448 512\" aria-hidden=\"true\" width=\"32\" height=\"32\"><path fill=\"currentColor\" d=\"M207.029 381.476L12.686 187.132c-9.373-9.373-9.373-24.569 0-33.941l22.667-22.667c9.357-9.357 24.522-9.375 33.901-.04L224 284.505l154.745-154.021c9.379-9.335 24.544-9.317 33.901.04l22.667 22.667c9.373 9.373 9.373 24.569 0 33.941L240.971 381.476c-9.373 9.372-24.569 9.372-33.942 0z\"><\/path><\/svg><\/div><\/span><\/div>\n<\/div><\/div>\n<\/div><\/div><\/summary>\n\n\n\n<div class=\"wp-block-stackable-column stk-block-column stk-column stk-block stk-0d68ae5 stk-block-accordion__content\" data-v=\"4\" data-block-id=\"0d68ae5\"><style>.stk-0d68ae5-container{padding-top:0px !important;padding-right:0px !important;padding-bottom:0px !important;padding-left:0px !important;}<\/style><div class=\"stk-column-wrapper stk-block-column__content stk-container stk-0d68ae5-container stk--no-background stk--no-padding\"><div class=\"stk-block-content stk-inner-blocks stk-0d68ae5-inner-blocks\">\n<div class=\"wp-block-stackable-text stk-block-text stk-block stk-4fb4bd6\" data-block-id=\"4fb4bd6\"><style>.stk-4fb4bd6 .stk-block-text__text{font-size:17px !important;}@media screen and (max-width: 1023px){.stk-4fb4bd6 .stk-block-text__text{font-size:17px !important;}}<\/style><p class=\"stk-block-text__text\"><a href=\"https:\/\/fzocg.me\/wp-content\/uploads\/2025\/02\/Vodic-za-slobodan-pristup-informacijama-za-2025.pdf\" target=\"_blank\" rel=\"noreferrer noopener\"><span style=\"color: #0067B5;\" class=\"stk-highlight\"><strong>\u041f\u0440\u0435\u0443\u0437\u043c\u0438\u0442\u0435 \u0432\u043e\u0434\u0438\u0447 \u0437\u0430 \u0441\u043b\u043e\u0431\u043e\u0434\u0430\u043d \u043f\u0440\u0438\u0441\u0442\u0443\u043f \u0438\u043d\u0444\u043e\u0440\u043c\u0430\u0446\u0438\u0458\u0430\u043c\u0430<\/strong><\/span><\/a><\/p><\/div>\n<\/div><\/div><\/div>\n<\/details>\n\n\n\n<details class=\"wp-block-stackable-accordion stk-block-accordion stk-inner-blocks stk-block-content stk-block stk-f1c6389 is-style-plain\" data-block-id=\"f1c6389\"><style>.stk-f1c6389 {border-style:solid !important;border-color:#dfdad1 !important;border-top-width:0px !important;border-right-width:0px !important;border-bottom-width:1px !important;border-left-width:0px !important;padding-bottom:24px !important;}<\/style>\n<summary class=\"wp-block-stackable-column stk-block-column stk-column stk-block stk-f9423b6 stk--container-small stk-block-accordion__heading\" data-v=\"4\" data-block-id=\"f9423b6\"><div class=\"stk-column-wrapper stk-block-column__content stk-container stk-f9423b6-container stk--no-background stk--no-padding\"><div class=\"stk-block-content stk-inner-blocks stk-f9423b6-inner-blocks\">\n<div class=\"wp-block-stackable-icon-label stk-block-icon-label stk-block stk-3c77d59\" data-block-id=\"3c77d59\"><div class=\"stk-row stk-inner-blocks stk-block-content\">\n<div class=\"wp-block-stackable-heading stk-block-heading stk-block-heading--v2 stk-block stk-0640a87\" id=\"span-style-color-0067-b-5-class-stk-highlight-strong-vodic-za-pristup-informacijama-za-2024-godinu-strong-span\" data-block-id=\"0640a87\"><h3 class=\"stk-block-heading__text\"><span style=\"color: #0067B5;\" class=\"stk-highlight\"><strong>\u0412\u043e\u0434\u0438\u0447 \u0437\u0430 \u043f\u0440\u0438\u0441\u0442\u0443\u043f \u0438\u043d\u0444\u043e\u0440\u043c\u0430\u0446\u0438\u0458\u0430\u043c\u0430 \u0437\u0430 2024. \u0433\u043e\u0434\u0438\u043d\u0443<\/strong><\/span><\/h3><\/div>\n\n\n\n<div class=\"wp-block-stackable-icon stk-block-icon stk-block stk-f1f03c7\" data-block-id=\"f1f03c7\"><span class=\"stk--svg-wrapper\"><div class=\"stk--inner-svg\"><svg style=\"height:0;width:0\"><defs><lineargradient id=\"linear-gradient-f1f03c7\" x1=\"0\" x2=\"100%\" y1=\"0\" y2=\"0\"><stop offset=\"0%\" style=\"stop-opacity:1;stop-color:var(--linear-gradient-f-1-f-03-c-7-color-1)\"><\/stop><stop offset=\"100%\" style=\"stop-opacity:1;stop-color:var(--linear-gradient-f-1-f-03-c-7-color-2)\"><\/stop><\/lineargradient><\/defs><\/svg><svg data-prefix=\"fas\" data-icon=\"chevron-down\" class=\"svg-inline--fa fa-chevron-down fa-w-14\" xmlns=\"http:\/\/www.w3.org\/2000\/svg\" viewbox=\"0 0 448 512\" aria-hidden=\"true\" width=\"32\" height=\"32\"><path fill=\"currentColor\" d=\"M207.029 381.476L12.686 187.132c-9.373-9.373-9.373-24.569 0-33.941l22.667-22.667c9.357-9.357 24.522-9.375 33.901-.04L224 284.505l154.745-154.021c9.379-9.335 24.544-9.317 33.901.04l22.667 22.667c9.373 9.373 9.373 24.569 0 33.941L240.971 381.476c-9.373 9.372-24.569 9.372-33.942 0z\"><\/path><\/svg><\/div><\/span><\/div>\n<\/div><\/div>\n<\/div><\/div><\/summary>\n\n\n\n<div class=\"wp-block-stackable-column stk-block-column stk-column stk-block stk-9bea3ba stk-block-accordion__content\" data-v=\"4\" data-block-id=\"9bea3ba\"><style>.stk-9bea3ba-container{padding-top:0px !important;padding-right:0px !important;padding-bottom:0px !important;padding-left:0px !important;}<\/style><div class=\"stk-column-wrapper stk-block-column__content stk-container stk-9bea3ba-container stk--no-background stk--no-padding\"><div class=\"stk-block-content stk-inner-blocks stk-9bea3ba-inner-blocks\">\n<div class=\"wp-block-stackable-text stk-block-text stk-block stk-c44df92\" data-block-id=\"c44df92\"><style>.stk-c44df92 .stk-block-text__text{font-size:17px !important;}@media screen and (max-width: 1023px){.stk-c44df92 .stk-block-text__text{font-size:17px !important;}}<\/style><p class=\"stk-block-text__text\"><a href=\"https:\/\/fzocg.me\/wp-content\/uploads\/2024\/01\/slobodan-pristup-informacijama.pdf\" target=\"_blank\" rel=\"noreferrer noopener\"><span style=\"color: #0067B5;\" class=\"stk-highlight\"><strong>\u041f\u0440\u0435\u0443\u0437\u043c\u0438\u0442\u0435 \u0432\u043e\u0434\u0438\u0447 \u0437\u0430 \u0441\u043b\u043e\u0431\u043e\u0434\u0430\u043d \u043f\u0440\u0438\u0441\u0442\u0443\u043f \u0438\u043d\u0444\u043e\u0440\u043c\u0430\u0446\u0438\u0458\u0430\u043c\u0430<\/strong><\/span><\/a><\/p><\/div>\n\n\n\n<div class=\"wp-block-stackable-text stk-block-text stk-block stk-97e022a\" data-block-id=\"97e022a\"><style>.stk-97e022a .stk-block-text__text{font-size:17px !important;}@media screen and (max-width: 1023px){.stk-97e022a .stk-block-text__text{font-size:17px !important;}}<\/style><p class=\"stk-block-text__text\"><a href=\"https:\/\/fzocg.me\/wp-content\/uploads\/2024\/01\/\u041e\u0431\u0440\u0430\u0437\u0430\u0446-\u0437\u0430-\u0441\u043b\u043e\u0431\u043e\u0434\u0430\u043d-\u043f\u0440\u0438\u0441\u0442\u0443\u043f-\u0438\u043d\u0444\u043e\u0440\u043c\u0430\u0446\u0438\u0458\u0430\u043c\u0430.doc\" target=\"_blank\" rel=\"noreferrer noopener\"><span style=\"color: #0067B5;\" class=\"stk-highlight\"><strong>\u041e\u0431\u0440\u0430\u0437\u0430\u0446 \u0437\u0430\u0445\u0442\u0435\u0432\u0430 \u0437\u0430 \u043f\u0440\u0438\u0441\u0442\u0443\u043f \u0438\u043d\u0444\u043e\u0440\u043c\u0430\u0446\u0438\u0458\u0430\u043c\u0430<\/strong><\/span><\/a><\/p><\/div>\n<\/div><\/div><\/div>\n<\/details>\n\n\n\n<p data-block-type=\"core\"><\/p>","protected":false},"excerpt":{"rendered":"<p>Vodi\u010d za slobodan pristup informacijama Vodi\u010d za pristup informacijama za 2026. godinu Preuzmite vodi\u010d za slobodan pristup informacijama Vodi\u010d za pristup informacijama za 2025. godinu Preuzmite vodi\u010d za slobodan pristup informacijama Vodi\u010d za pristup informacijama za 2024. godinu Preuzmite vodi\u010d za slobodan pristup informacijama Obrazac zahtjeva za pristup informacijama<\/p>","protected":false},"author":1,"featured_media":0,"parent":0,"menu_order":0,"comment_status":"closed","ping_status":"closed","template":"","meta":{"footnotes":""},"class_list":["post-1249","page","type-page","status-publish","hentry"],"_links":{"self":[{"href":"https:\/\/fzocg.me\/cyr\/wp-json\/wp\/v2\/pages\/1249","targetHints":{"allow":["GET"]}}],"collection":[{"href":"https:\/\/fzocg.me\/cyr\/wp-json\/wp\/v2\/pages"}],"about":[{"href":"https:\/\/fzocg.me\/cyr\/wp-json\/wp\/v2\/types\/page"}],"author":[{"embeddable":true,"href":"https:\/\/fzocg.me\/cyr\/wp-json\/wp\/v2\/users\/1"}],"replies":[{"embeddable":true,"href":"https:\/\/fzocg.me\/cyr\/wp-json\/wp\/v2\/comments?post=1249"}],"version-history":[{"count":25,"href":"https:\/\/fzocg.me\/cyr\/wp-json\/wp\/v2\/pages\/1249\/revisions"}],"predecessor-version":[{"id":5924,"href":"https:\/\/fzocg.me\/cyr\/wp-json\/wp\/v2\/pages\/1249\/revisions\/5924"}],"wp:attachment":[{"href":"https:\/\/fzocg.me\/cyr\/wp-json\/wp\/v2\/media?parent=1249"}],"curies":[{"name":"\u0432\u043f","href":"https:\/\/api.w.org\/{rel}","templated":true}]}}